7. What is the greatest common factor of g and 29?
29
Let b be (-2 + 1)*-88 + -4. What is the highest common divisor of b and 12?
12
Let a be (-70)/(-6) + 3/9. Let g = -166 + 274. What is the highest common divisor of a and g?
12
Suppose -5*p + 5*c = -10 - 5, -5*p - 5*c = -45. Suppose u = p*u - 5. Suppose -4*y + y = -27. What is the greatest common divisor of u and y?
1
Let p = -12 + 7. Let v = -1 - p. Suppose v*q = 5*d + 10 + 23, -3*q + 3*d = -21. What is the greatest common factor of q and 16?
2
Let h = 127 - -43. What is the greatest common factor of h and 68?
34
Let n(c) = -10*c - 4. Suppose -2*p = 3*i + 4 + 15, -5*i - 20 = p. Let y be -1 + ((-36)/(-2))/i. Let o be n(y). Calculate the highest common divisor of o and 44.
22
Suppose 3*j = 14 + 64. Calculate the greatest common divisor of j and 39.
13
Let q = 40 + 8. Calculate the highest common divisor of 6 and q.
6
Let g = 6 + -7. Let w be -2*(6/(-2) + g). Let f(u) = -u**3 + 6*u**2 - 4*u - 4. Let c be f(4). Calculate the greatest common divisor of c and w.
4
Suppose 0 = -2*l + x + 11 - 1, -3*l + 4*x + 5 = 0. Let j be (-2)/(6/3) + l. What is the highest common factor of 42 and j?
6
Let f be (-4)/(-26) + (-1166)/(-26). Let n(j) = -2*j**3 + j + 1. Let b be n(-1). Let r be (10/4)/(1/b). What is the highest common factor of f and r?
5
Let w = 58 + -52. Let i(f) = f**2 + 5*f - 10. Let g be i(-7). Calculate the greatest common factor of w and g.
2
Let k = 7 - 5. Suppose -g - 62 = -k*g. Suppose 0 = -5*f + g + 218. Calculate the highest common divisor of f and 14.
14
Let h(v) = -v + 12. Let d be h(-5). Let q be (-458)/(-9) + 5/45. Calculate the greatest common divisor of d and q.
17
Let v = 26 + -15. Let a = 2 + v. Suppose a = z + 4. What is the highest common factor of 81 and z?
9
Let h(j) = -5*j**3 - j + 1. Let r be h(1). Let b = r + 15. Let z(p) = -p**2 - 14*p + 20. Let f be z(-14). Calculate the highest common divisor of b and f.
10
Let y(n) = -2*n - 4 + 12*n - 5 - 2*n + n**2. Let g be y(-10). Calculate the greatest common divisor of 11 and g.
11
Let s(w) = 2*w + 64. Let k be s(-19). What is the highest common factor of k and 13?
13
Suppose 8 + 7 = -5*x, 3 = 3*g + 5*x. Let u be (-17)/((4 + 0)/(-16)) - 2. Calculate the highest common divisor of g and u.
6
Suppose 3*u + 5*g + 22 = 0, -3*g + 8*g = -4*u - 21. Let y be (-2)/(-2) - (-4 - u). Calculate the highest common divisor of y and 66.
6
Let y = 3 + -2. Suppose -3*b = 3*v - 0*v + 150, -b = -5*v + 44. Let p be (-1 + -1)/y*b. Calculate the highest common divisor of p and 14.
14
Let z = -6 - -8. Let t be (z - 112)/(2 + -3). What is the highest common divisor of t and 10?
10
Let j be 168/8 - (1 + -1 + 1). Calculate the highest common divisor of 4 and j.
4
Suppose -34*a - 440 = -39*a. Calculate the highest common factor of a and 22.
22
Suppose -5*g = l - 43, 0*g = -g - 4. Calculate the greatest common factor of l and 9.
9
Let t = 313 + -287. Let i(h) = 2*h**3 - 3*h**2 + 7. Let x be i(5). What is the greatest common factor of t and x?
26
Let s(i) = -i**3 - 3*i**2 - 9*i + 2. Let o be s(-4). What is the greatest common divisor of 9 and o?
9
Suppose -5*m + 2*m = -5*x + 105, -2*x + 4*m + 28 = 0. Calculate the greatest common divisor of 32 and x.
8
Suppose -5*h = -6*h + 16. Calculate the highest common factor of h and 4.
4
Suppose 4*j - 60 = -20. Let x(t) = -t + 2. Let n be x(4). Let o be 108 + (2 - n) + -2. What is the highest common divisor of o and j?
10
Suppose -j + 4*i - 8 = -6*j, 3 = -i. Calculate the greatest common factor of 28 and j.
4
Let v be ((-10)/(-20))/((-2)/(-4)). Let o = 4 - v. Suppose -s - k = k - 6, s - k - 6 = 0. Calculate the highest common divisor of s and o.
3
Let p be 7 - 4 - (-2 + 2). Suppose -3*o = 2*z - 4*z - 106, -p*o + 3*z + 108 = 0. What is the greatest common divisor of 51 and o?
17
Suppose 2*s - 75 = -3*f + 4*s, -4*f + 77 = 5*s. Suppose -h + 21 + 4 = 0. Let r = h + f. What is the greatest common factor of r and 24?
24
Suppose 56 = 4*x - 3*x. Let q = 14 + 7. Suppose q = 9*y - 6*y. What is the greatest common factor of x and y?
7
Suppose 3*s = 5*v + 17 + 137, v = 4*s - 24. Let h be v/(-6) - (-2)/3. What is the highest common divisor of h and 48?
6
Let n(w) be the second derivative of -w**5/20 + w**4/12 + w**3/6 + 15*w**2/2 - 10*w. Let p be n(0). What is the greatest common factor of p and 6?
3
Let y(f) = -f**3 + 10*f**2 + 3*f - 17. Let d be y(10). Suppose -1 + 27 = s. What is the greatest common divisor of s and d?
13
Suppose -f - 3*i = 2*i + 1, -3*i = 15. Calculate the highest common factor of f and 16.
8
Suppose 6 = f + 2. Suppose -3*c + 734 = f*h + h, -c - 2*h + 245 = 0. Calculate the highest common divisor of c and 27.
27
Suppose -5*s + 22 = 4*j, 6*j - 4*j - 5*s = 26. What is the highest common divisor of j and 2?
2
Suppose 0 = -4*r + 4, -1709 = -5*k + r. What is the highest common factor of k and 38?
38
Let k(w) = w**2 + 3*w + 8. Let r be k(-8). Suppose 232 = 5*x - r. What is the highest common factor of 14 and x?
14
Suppose -4*k = 5*a - 48 - 121, k - 5*a = 61. Suppose k = d - 4*g + 10, 3*g - 127 = -2*d. What is the greatest common divisor of 7 and d?
7
Let g(h) = h**2 - 5*h - 2. Let a be g(6). Suppose a*i - 43 = -3*w, i + w - 12 = -0*i. What is the greatest common factor of i and 7?
7
Suppose -4*n + 20 = -w - w, -2*n - 5*w = -22. Let m(j) = 2*j**2 + 5*j + 3. Let r be m(-3). What is the highest common divisor of n and r?
6
Suppose 0 = -h - 4*d + 27, 4*d + d - 31 = -h. Let r = h + -8. Suppose -5*g = -2*b - 124, -b - 128 = -5*g + r*b. Calculate the greatest common factor of g and 3.
3
Let n = 36 - 20. Suppose 4*y - 3*y - n = 0. Calculate the highest common divisor of y and 2.
2
Let d(i) = -3*i + 1. Let f be -1*1 + (-6)/3. Let x be d(f). What is the greatest common factor of x and 30?
10
Let r = -5 + 5. Suppose r = -w - 2*w + 231. What is the highest common divisor of w and 11?
11
Suppose 0*v - 2*t + 5 = 3*v, -5*t + 19 = v. Let d be 75 + (1 - -2)/v. Let a(n) = -n**2 - 8*n - 6. Let p be a(-5). What is the greatest common factor of p and d?
9
Let q(b) = -b**3 - 22*b**2 - 22*b + 35. Let k be q(-21). What is the highest common divisor of 7 and k?
7
Let y(p) = -p**3 - 2*p**2 - 6*p. Let a be y(-6). Calculate the greatest common factor of a and 20.
20
Suppose -12 = -b + 3*b. Let t be (b/18)/(1/(-3)). Calculate the greatest common divisor of 1 and t.
1
Suppose 3*b + 4*p = 409, 4*b + 6*p = 5*p + 541. What is the greatest common divisor of 15 and b?
15
Let c = 177 - 167. Calculate the greatest common divisor of c and 70.
10
Let d(p) = p + 14. Let b be d(0). What is the highest common factor of 42 and b?
14
Let l be (2 - 1)*1*25. Calculate the highest common factor of l and 5.
5
Suppose 5*f = 4*f + 18. What is the greatest common factor of f and 9?
9
Suppose -4*v + 2*w + 20 = 0, w = -4*w + 10. What is the greatest common divisor of v and 2?
2
Let y = -41 - -47. What is the greatest common factor of 12 and y?
6
Suppose -4*r + 5 = 1. Calculate the highest common divisor of r and 10.
1
Let i(d) = 5*d - 3. Let h be i(5). Suppose h + 88 = z. What is the greatest common factor of z and 10?
10
Let s be 3 + (14 + -12 - (-3 - -1)). What is the highest common divisor of s and 56?
7
Suppose c - 4 + 3 = 0. Let l be 8/(4 - 0) + 3. Suppose 0 = 5*n - l. What is the highest common divisor of c and n?
1
Let d(i) = -i**3 + 3*i - 3. Let v be d(-3). What is the highest common divisor of 10 and v?
5
Suppose 4*n = 103 + 57. Suppose -95 = -4*j - 8*l + 3*l, -2*j + 46 = 2*l. Calculate the highest common divisor of n and j.
20
Suppose 2*q + q = 81. Let y = 3 + q. Calculate the greatest common factor of 75 and y.
15
Let p(q) = -19*q + 17. Let v be p(-5). Suppose -28 = -2*a - 0*a. Calculate the greatest common factor of v and a.
14
Let s = -5 - -7. Suppose j = -s*j. Suppose -z = -j - 3. Calculate the greatest common divisor of z and 2.
1
Suppose 4*d = 4*t - 176, 2*t + d = -t + 124. What is the highest common divisor of t and 6?
6
Suppose 21*s - 26*s + 50 = 0. Let l(f) = -f - 2. Let d be l(-6). Calculate the highest common divisor of d and s.
2
Let w = 14 + -5. What is the greatest common factor of w and 90?
9
Let a(v) = -v**3 + 9*v**2 - 5*v - 9. Let o be a(8). Let n be 2/5 - 312/5. Let m = n - -227. Calculate the greatest common divisor of m and o.
15
Suppose